
-16
Let t(w) be the third derivative of -w**8/6720 - w**7/5040 - w**6/720 + 13*w**5/20 + w**2. Let i(k) be the third derivative of t(k). Give i(2).
-15
Let i(g) be the first derivative of -3*g**2/2 + 6*g - 66. Suppose -4*y + 0 + 16 = 0. Determine i(y).
-6
Let i be -7*((-144)/28 + 6). Let n(h) = -h**2 - 5*h + 1. Determine n(i).
-5
Let d be 18/14 - 2/7. Let r(m) be the second derivative of m**6/144 + m**5/120 + 19*m**4/12 - 4*m. Let t(a) be the third derivative of r(a). Calculate t(d).
6
Let k(h) = 2*h**2 - h**3 + 12 + 0*h**2 - 3*h**2 + 9*h**3 - 11. Let b(t) = -t**3 + 13*t**2 - 13*t + 13. Let g be b(12). Give k(g).
8
Let j(a) = 20*a + 20*a + 11 - 36*a + 5 - 3*a. Determine j(-13).
3
Let z(f) = f**2 - 8*f + 3. Let h be (2 + 0)*(36/(-8))/9. Let j be (28/8 + h)*2. What is z(j)?
-12
Suppose -6*a = 5 - 53. Suppose 5*w + a*p + 10 = 6*p, 2*w = -3*p + 7. Let g(l) = l**3 + 3*l**2 - 7*l - 6. Determine g(w).
6
Let f(g) = 130*g**2 + 15*g - 129*g**2 - 8 + 6. Give f(-15).
-2
Let k(f) = f + 22. Let v be k(0). Suppose -d - v + 0 = -4*y, 5*d = y - 15. Let n = y - 0. Let b(a) = a - 3. Calculate b(n).
2
Let p(b) be the third derivative of -b**5/60 + 17*b**4/24 - 5*b**3/6 - 166*b**2. Calculate p(17).
-5
Let f(b) be the third derivative of -b**5/12 + b**3 + 6*b**2. Let i(v) = -6*v**2 + 5. Let j(m) = -5*f(m) + 4*i(m). What is j(0)?
-10
Suppose 5*o - 5 = -3*s, -o = 116*s - 111*s - 23. Let y(n) = 2*n + 6. Give y(s).
16
Let h be (-44)/6 + (-2)/(-6). Let f be (4 + 0)/(5/3 + -1). Let w(k) = 8 + f*k + 6*k - 10*k. Determine w(h).
-6
Suppose 87 = -4*r + 99. Let b(m) = -m**3 - 13*m + 18*m - r*m**2 + 3 - 7*m. Calculate b(-3).
9
Let x(p) be the second derivative of p**3/6 + 4*p**2 - 3*p. Suppose 0 = 5*i + 13*t - 16*t + 23, -4*t + 19 = -5*i. What is x(i)?
1
Let b(d) = -8*d + 90. Suppose 4*m = -2*i + 24, 16*i + 3*m - 12 = 15*i. What is b(i)?
-6
Let h = -136 + 131. Let m(c) = c**2 + 5*c - 2. Give m(h).
-2
Let w(k) = -k**3 + k**2 + k + 7. Let c(u) = -4*u**2 + 75*u + 19. Let r be c(19). Determine w(r).
7
Suppose -2*p - 17 - 15 = 2*h, -h = -5*p - 62. Let v(z) = -z**2 - 13*z + 2. Let a be v(p). Let r(u) = -1 + 3 + a*u - 4. Determine r(5).
8
Let q(p) = -4*p - 3 + 5*p - 1 + 5. Let t be -3*4/(-12) + 4. Let n = t + -8. Calculate q(n).
-2
Let k(v) = -2 + 2*v + v**3 + 0*v - 4*v**2 - 2 + 3*v. What is k(3)?
2
Let n(m) = 2*m + m - 1 + m - 5. Suppose o + 21 - 26 = -u, -5 = -u + 5*o. Calculate n(u).
14
Let m be -1 + (4 + -1 - (7 - 8)). Let b(z) = 1 + 3*z**3 - 35*z - 4*z**m + 0*z**3 + 37*z - 3*z**2. Suppose 3*u = -0*u - 12. What is b(u)?
9
Let c(r) = 6*r - 11. Let t(i) = 19*i - 38. Let s(g) = 7*c(g) - 2*t(g). Give s(-1).
-5
Let d = -1041 - -1039. Let x(c) = -3*c**2 - 3*c. What is x(d)?
-6
Let n = 146 + -138. Let r(u) = -u**3 + 9*u**2 - 7*u - 7. What is r(n)?
1
Let u(v) = -3*v**2 - 1. Let x be 51/(3*3/6). Let w = -35 + x. What is u(w)?
-4
Let t(a) be the second derivative of -a**3/6 + a**2 - 2*a - 11. Give t(7).
-5
Let f(c) be the third derivative of -c**6/120 - c**5/12 + 7*c**4/24 + c**3/6 - c**2. Suppose -5*s + t = 35, -72*t + 1 = 4*s - 67*t. What is f(s)?
-5
Let q(i) = 3*i**2 - 3*i + 5. Let h(m) = m**2 + 1. Let c(r) = -2*h(r) + q(r). What is c(3)?
3
Let w(i) = 2 - 3*i**2 - 1463454*i + 1463454*i. Suppose 0 = -3*q + 3*z - 1 + 16, -2*z = -3*q + 12. Give w(q).
-10
Let j(g) = -g**3 - 3*g**2 + g - 4. Let s(k) be the first derivative of -k**4/4 - 4*k**3/3 - 3*k**2/2 - 4*k + 23. Let n be s(-3). Give j(n).
8
Let h(m) = -m**2 - 2*m. Let w be h(-1). Let t be (w + -3)*(-13)/(-13). Let s(o) be the second derivative of o**5/20 + o**4/6 - o**3/6 - o**2 - o. Give s(t).
0
Suppose -5*o = 2*m + 21, 0 = -3*o - 0*o + 3*m. Let x(j) = j + 10. What is x(o)?
7
Let b(y) = -y. Let k(i) = -7 + 2*i + 4*i - 2*i**3 + i**3 + 5*i**2. Let u be (-270)/(-65) - (-4)/(-26). Let v(p) = u*b(p) + k(p). What is v(5)?
3
Let t(q) be the third derivative of q**6/120 + q**4/24 + 3*q**3 + 2*q**2 + 102*q. What is t(0)?
18
Let z(o) = -10*o**3 + 1. Let n be 1 - (-8 + -1 + 4). Suppose 2 = a, -3*v = -n*v + 2*a + 23. Suppose l = -2*x - 2 - 5, 3*l + 3*x + v = 0. Give z(l).
-9
Let r(j) be the third derivative of -j**8/6720 - j**7/2520 + j**6/720 - 3*j**4/8 - 13*j**2. Let z(f) be the second derivative of r(f). Determine z(1).
-1
Let z = -144 - -146. Let h(r) = 5*r**3 + r**2 + 7*r + 2. Let p(n) = -6*n**3 - 2*n**2 - 8*n - 3. Let x(q) = -5*h(q) - 4*p(q). Determine x(z).
0
Let b(g) = g + 11 - 12 + 6 - 1. Let a = -9 - -6. Give b(a).
1
Let l(q) = q - 2. Let f be (-191)/5 - (3 - (-48)/(-15)). Let v = f - -34. Determine l(v).
-6
Suppose -4*v + 28 = 4*o, -v - 4*v = 2*o - 29. Let y(w) = -10*w**3 - 7*w**2 + 9*w**3 + o - 2*w + 2 - 6. Give y(-7).
12
Let z(s) = s**2 - 2*s - 2. Let p = 37 - -1. Let y = -35 + p. Calculate z(y).
1
Let r(d) = d + 1. Let k be r(4). Let y(j) = -175*j - k*j**2 + 175*j + 3 - j**3. Suppose 15 = -5*v + 2*v. Calculate y(v).
3
Let v(r) = 2*r**2 - 4*r + 2. Suppose 4*k + 4*x = -8, 0 = -4*k + 8*k - x - 12. Determine v(k).
2
Let d(y) = y**3 + 7*y**2 + 3*y + 2. Suppose -2*b + 29 = 39. What is d(b)?
37
Let t(f) = -5*f - 8. Let k(l) = -22*l - 32. Let q(o) = 2*k(o) - 9*t(o). What is q(-14)?
-6
Let a be 22/4 - (-49)/(-14). Let d(f) be the second derivative of -1/12*f**4 + 0 - f**3 - 5/2*f**a + 4*f. Determine d(-5).
0
Let r(s) = s**2 - s + 3. Suppose 5*q - q - 17 = -3*w, -3*w - 5*q + 19 = 0. What is r(w)?
9
Let p(w) = w**3 + 2*w**2 - 5*w - 7. Let s be (-1)/(2*9/90). Calculate p(s).
-57
Let i(a) = 3*a**2 + 3 - 14*a**2 + 3*a**2 - 3*a**3 - 9*a**2 - 14*a. Let o(x) = -x**3 - 6*x**2 - 5*x + 1. Let m(l) = -3*i(l) + 8*o(l). What is m(-2)?
-1
Let a(x) = 5*x - 3. Let n = 20 - 18. Suppose -20 = -2*t - 3*t + n*q, 3*t - 33 = -3*q. Suppose -11*l + 10 = -t*l. Determine a(l).
7
Let j(c) = -c**2 + 2*c - 2. Let y(p) = -4*p - 23. Let t be y(-5). What is j(t)?
-17
Let i(t) be the first derivative of 3*t**2/2 + 2*t - 61. Calculate i(-2).
-4
Let x(p) = -358*p**2 + 179*p**2 + 180*p**2. Calculate x(4).
16
Suppose 10*s - 20 = 6*s. Suppose -22 = s*t - 2. Let k(w) = -w - 7. Calculate k(t).
-3
Suppose 0 = 11*r - 12 - 21. Let v(x) be the first derivative of -5*x + 1/3*x**r - 4 + 0*x**2. Determine v(-4).
11
Let l(t) = -t**2 + t + 4. Let o be 2/1 - -2*21/14. Suppose -4*k = 4*g - 2*k + 6, 15 = g - o*k. Determine l(g).
4
Let p(h) = -h. Let w(m) = m + 4. Let b be w(-3). Let x(o) = -5*o + 1 - 20*o**2 + 19*o**2 - 2*o. Let n(u) = b*x(u) - 6*p(u). Calculate n(-2).
-1
Let s(u) = -u**2 + 2*u + 17. Let m(z) = 3*z**2 - 5*z - 50. Let g(w) = 6*m(w) + 17*s(w). Determine g(-6).
1
Let v(i) be the first derivative of -i**3 - i**2/2 - 8*i + 12. Let f(h) be the first derivative of v(h). Give f(-1).
5
Let h(n) = 3*n + 1. Let i(y) = -3*y - 2. Let l(b) = 5*h(b) + 4*i(b). Let w be -3 + (-1 + 3)*(-7)/14. Calculate l(w).
-15
Let y(f) be the first derivative of -f**2 - f - 11. Let k(s) = s. Suppose v = -n + 5*n + 15, 3*v - 31 = 5*n. Let x(l) = v*k(l) + 4*y(l). Give x(0).
-4
Let k(h) be the first derivative of -h**3/3 + 7*h**2/2 + 7*h - 32. Suppose -3*n + 0*v = 4*v - 44, -4*n = -3*v - 17. What is k(n)?
-1
Let n(l) = l**2 - 7*l + 5. Let x(j) = -2*j - 48. Let u be x(-26). Give n(u).
-7
Suppose -37*z = -27*z - 760. Suppose 2*k - z = -84. Let p(n) = -n**3 - 4*n**2 + n - 4. Give p(k).
-8
Let w(h) = h - 2. Suppose 5*y - 35 = 25. Let s be 9*(3 - 40/y). Calculate w(s).
-5
Let t(v) = v**3 + v**2 + v - 3. Let d(j) = j**2 + 19*j + 67. Let g be d(-14). Determine t(g).
-24
Suppose -9 = 2*s - 15. Suppose 4*r - 41 = 19. Suppose -r = 3*g + s. Let u(l) = -l**2 - 5*l + 8. What is u(g)?
2
Let m(a) be the third derivative of -a**4/8 - 4*a**3/3 + 10*a**2 + 2*a. Let o(z) = 13*z + 31. Let s(g) = 9*m(g) + 2*o(g). Give s(-8).
-2
Let n be (-2)/4 + 1 - (-10)/4. Suppose -2*x + 30 = n*x. Let i(q) = q**2 - 8*q + 4. What is i(x)?
-8
Let k(z) be the third derivative of -13*z**5/60 + 29*z**4/24 - 10*z**3/3 - 23*z**2. Let c(b) = -3*b**2 + 7*b - 5. Let p(t) = -9*c(t) + 2*k(t). What is p(6)?
11
Let i(t) = t**2 - 4*t + 1. Let p = 3 + -31. Let k be (-2)/(p/(-12) - 3). Calculate i(k).
-2
Suppose 0 = -v + 3*d + 18, -20 = -2*v + 2*d. Suppose -v*m + 2*m = -3*m. Let z(q) = q - 4. Calculate z(m).
-4
Let k(t) = 3*t - 4. Let i(g) = -3*g + 4. Let b(c) = 3*i(c) + 4*k(c). Let j = -27 - -23. Determine b(j).
-16
Let n(y) = 0*y**2 - 26*y - 7*y**2 - 1 + 2